29307331?
False
Is 764 a factor of 885596712?
True
Is 2372 a factor of 122511428?
True
Is 31146097 a multiple of 7?
False
Is 517768432 a multiple of 229?
False
Is 464017184 a multiple of 499?
False
Does 8245 divide 3759225300?
True
Is 29 a factor of 8414011?
False
Does 52 divide 5791448?
True
Is 686328048 a multiple of 29?
False
Is 1380229274 a multiple of 38?
True
Is 48 a factor of 109296048?
True
Is 51 a factor of 1901530007?
False
Is 456179060 a multiple of 5?
True
Is 167597322 a multiple of 31?
False
Is 11 a factor of 21900274?
True
Does 1357 divide 429118682?
True
Does 157 divide 232260791?
False
Is 23 a factor of 1377800602?
True
Is 28149414 a multiple of 241?
False
Is 17162464 a multiple of 313?
False
Does 28 divide 337311212?
True
Is 6805 a factor of 384540731?
False
Is 1186990646 a multiple of 2256?
False
Is 22506075 a multiple of 225?
True
Is 1876749249 a multiple of 98?
False
Does 5 divide 185276760?
True
Is 6701299 a multiple of 52?
False
Is 3942224 a multiple of 143?
True
Does 692 divide 642965243?
False
Does 10 divide 107922642?
False
Is 13 a factor of 3075059356?
False
Is 1424 a factor of 244958921?
False
Is 108 a factor of 1262136?
False
Is 25017829 a multiple of 59?
True
Is 6173 a factor of 11250030?
False
Is 4 a factor of 33100344?
True
Is 37 a factor of 307330658?
True
Is 5722990 a multiple of 19?
True
Is 273292085 a multiple of 11?
True
Is 6542032 a multiple of 18?
False
Is 56 a factor of 1128960?
True
Is 69644160 a multiple of 2034?
True
Does 313 divide 209228919?
True
Is 23672885 a multiple of 505?
True
Is 50 a factor of 653853150?
True
Is 47 a factor of 6382039713?
True
Is 2157039936 a multiple of 12944?
True
Is 308 a factor of 169286656?
True
Is 18704077 a multiple of 535?
False
Does 45 divide 4210255170?
True
Is 283938051 a multiple of 62?
False
Is 3868041 a multiple of 14?
False
Is 30469373 a multiple of 341?
True
Is 205869480 a multiple of 1110?
True
Does 115 divide 37819935?
True
Does 172 divide 4789208420?
True
Does 20 divide 37383440?
True
Is 1252 a factor of 52030616?
True
Is 153665474 a multiple of 2187?
False
Is 402 a factor of 335852722?
False
Is 610 a factor of 25602945?
False
Is 938 a factor of 38165180?
False
Does 2949 divide 5378976?
True
Is 30076576 a multiple of 16?
True
Is 533757120 a multiple of 38?
True
Is 18062687 a multiple of 58?
False
Does 5128 divide 2440379304?
True
Is 70 a factor of 130573940?
True
Is 21 a factor of 9692871?
False
Is 23113600 a multiple of 310?
True
Is 54210227 a multiple of 427?
False
Is 17 a factor of 207031544?
False
Is 12 a factor of 22460528?
False
Is 169592355 a multiple of 4203?
False
Is 221162970 a multiple of 131?
False
Is 90209795 a multiple of 415?
True
Is 7 a factor of 2169489?
True
Is 19 a factor of 17413392?
False
Is 768 a factor of 1736209920?
True
Is 4873 a factor of 182538566?
False
Is 2090 a factor of 30169150?
True
Is 227488709 a multiple of 43?
False
Is 583 a factor of 299748284?
True
Is 12936147 a multiple of 147?
True
Does 46 divide 1203328?
False
Is 223 a factor of 28033539?
False
Does 11 divide 639466?
False
Does 5820 divide 18657407?
False
Is 2559118 even?
True
Does 1075 divide 40476541?
False
Is 190095499 a multiple of 728?
False
Is 212418409 a multiple of 12?
False
Does 92 divide 1918713597?
False
Is 6519694830 a multiple of 18?
False
Does 169 divide 5280994303?
True
Does 148 divide 625566548?
True
Is 55124334 a multiple of 2?
True
Does 21 divide 201508335?
True
Does 816 divide 20876544?
True
Is 5747996 a multiple of 6?
False
Is 21 a factor of 328422703?
False
Is 69 a factor of 102401658?
True
Is 42 a factor of 1331497183?
False
Is 58208824 a multiple of 18?
False
Is 9778269 a multiple of 1129?
True
Is 35003702 a multiple of 40?
False
Is 126 a factor of 955532466?
True
Does 3283 divide 1740749620?
False
Is 2746760940 a multiple of 220?
True
Is 303549298 a multiple of 13?
True
Is 4 a factor of 1279432?
True
Is 617 a factor of 1880571528?
False
Is 4 a factor of 10312236?
True
Is 166 a factor of 335317290?
False
Is 90834042 a multiple of 13?
True
Is 40 a factor of 10036043?
False
Is 580804085 a multiple of 253?
False
Is 59682956 a multiple of 39?
False
Is 34313856 a multiple of 8?
True
Is 62 a factor of 6371492?
True
Is 62617293 a multiple of 1403?
True
Is 50 a factor of 73825547?
False
Is 13 a factor of 1334995909?
True
Is 2538 a factor of 483114872?
False
Does 663 divide 119968524?
True
Is 82 a factor of 17737174?
True
Is 388 a factor of 525515736?
True
Does 22 divide 48307028?
True
Is 2931697 a multiple of 374?
False
Does 1181 divide 28847473?
False
Is 94454122 a multiple of 275?
False
Is 55 a factor of 62518555?
True
Is 953 a factor of 112896192?
True
Is 3156966953 a multiple of 15?
False
Is 48 a factor of 18089143?
False
Is 422 a factor of 1585216243?
False
Does 30 divide 3394970191?
False
Is 170 a factor of 48193640?
True
Is 53 a factor of 59589676?
False
Does 23 divide 35359317?
False
Is 844430841 a multiple of 26?
False
Does 355 divide 28720190?
False
Is 6 a factor of 668073420?
True
Is 379 a factor of 307154416?
False
Does 3 divide 196908483?
True
Is 434327409 a multiple of 2016?
False
Does 26 divide 125495244?
False
Is 6044 a factor of 589675275?
False
Does 3630 divide 338922210?
True
Is 109571913 a multiple of 9?
True
Is 23 a factor of 17009328?
True
Does 16 divide 3093232032?
True
Does 424 divide 139301490?
False
Is 536636471 a multiple of 197?
True
Is 9 a factor of 22287024?
True
Is 175855290 a multiple of 65?
True
Is 631 a factor of 1518810907?
False
Does 174 divide 1098631134?
False
Does 27 divide 1432053?
True
Is 61 a factor of 937851050?
False
Is 63 a factor of 173366849?
False
Is 300 a factor of 51221611?
False
Does 132 divide 62045390?
False
Is 27749466 a multiple of 24?
False
Does 605 divide 1212268145?
True
Is 199435793 a multiple of 290?
False
Is 421079992 a multiple of 1224?
False
Does 101 divide 858976?
False
Does 123 divide 5358030?
False
Is 354367980 a multiple of 135?
True
Is 35569264 a multiple of 769?
False
Is 285157452 a multiple of 7?
False
Is 241 a factor of 51141123?
False
Is 246 a factor of 6625518?
True
Is 35187520 a multiple of 320?
True
Is 3402 a factor of 312755452?
False
Is 30 a factor of 804002771?
False
Is 512 a factor of 732657052?
False
Is 1667 a factor of 712419306?
False
Does 138 divide 381872102?
False
Is 17 a factor of 133471663?
False
Is 71331190 a multiple of 35?
True
Does 102 divide 281921268?
True
Is 865808263 a multiple of 30?
False
Does 21 divide 59479602?
True
Does 34 divide 41844242?
True
Does 1440 divide 1157476320?
True
Is 11 a factor of 654078993?
False
Is 26647404 a multiple of 406?
True
Is 107985339 a multiple of 91?
False
Is 1190 a factor of 15682433?
False
Is 5698928 a multiple of 59?
True
Is 167 a factor of 957003353?
True
Is 184250977 even?
False
Is 18 a factor of 697057451?
False
Is 1928 a factor of 264371690?
False
Is 43819582 a multiple of 708?
False
Does 29 divide 127999217?
False
Is 969 a factor of 1193347?
False
Is 54961434 a multiple of 9?
True
Is 32835240 a multiple of 12?
True
Is 10 a factor of 420829445?
False
Does 200 divide 105125077?
False
Is 49 a factor of 19548354?
True
Does 4 divide 10651560?
True
Is 28 a factor of 11544462?
False
Is 601 a factor of 235467428?
False
Is 3253 a factor of 5272222?
False
Is 11 a factor of 1284640694?
False
Is 404614764 a multiple of 85?
False
Is 1226 a factor of 9488014?
True
Is 35203790 a multiple of 51?
False
Is 8 a factor of 1158908207?
False
Is 56636301 a multiple of 807?
False
Is 29 a factor of 28730948?
False
Does 115 divide 33147830?
True
Is 99325070 a multiple of 26?
True
Is 33 a factor of 523099551?
False
Is 50356082 a multiple of 1486?
True
Does 1809 divide 125716455?
True
Is 2486162 a multiple of 322?
True
Is 1385583169 a multiple of 592?
False
Does 34 divide 1249249012?
True
Is 715 a factor of 721802510?
True
Is 393041040 a multiple of 358?
True
Is 32 a factor of 71049344?
True
Is 2650802624 a multiple of 184?
True
Is 65609898 a multiple of 739?
True
Is 261511307 a multiple of 7999?
True
Does 102 divide 2196366?
True
Is 491185962 even?
True
Is 308868607 a multiple of 119?
False
Is 323109717 a multiple of 127?
True
Is 3106 a factor of 521688?
False
Is 81395910 a multiple of 49?
False
Does 16 divide 724185359?
False
Does 3949 divid